{"id":25,"date":"2022-11-27T17:41:46","date_gmt":"2022-11-27T14:41:46","guid":{"rendered":"https:\/\/www.yavuzselimkilic.com\/yazilar\/?page_id=25"},"modified":"2025-04-16T19:11:25","modified_gmt":"2025-04-16T16:11:25","slug":"iletisim","status":"publish","type":"page","link":"https:\/\/www.yavuzselimkilic.com\/yazilar\/iletisim\/","title":{"rendered":"\u0130leti\u015fim"},"content":{"rendered":"<h4>\u0130leti\u015fim<\/h4>\n<p style=\"text-align: center;\"><a href=\"https:\/\/g.page\/SMMMYSK\">Adres Kas\u0131mpa\u015fa Mah. Emina\u011fa Cad. \u015eeker Apt. No:3 Daire:5 Boz\u00fcy\u00fck \/ Bilecik<\/a><\/p>\n<p style=\"text-align: center;\">GSM 0555 724 35 69<\/p>\n<p style=\"text-align: center;\">WP 0555 724 35 69<\/p>\n<p style=\"text-align: center;\">Telefon 0228 315 14 04<\/p>\n<p style=\"text-align: center;\">Fax 0228 314 40 05<\/p>\n","protected":false},"excerpt":{"rendered":"<p>\u0130leti\u015fim Adres Kas\u0131mpa\u015fa Mah. Emina\u011fa Cad. \u015eeker Apt. No:3 Daire:5 Boz\u00fcy\u00fck \/ Bilecik GSM 0555 724 35 69 WP 0555 724 35 69 Telefon 0228 315 14 04 Fax 0228 314 40 05<\/p>\n","protected":false},"author":1,"featured_media":0,"parent":0,"menu_order":0,"comment_status":"closed","ping_status":"closed","template":"","meta":{"footnotes":""},"class_list":["post-25","page","type-page","status-publish","hentry"],"_links":{"self":[{"href":"https:\/\/www.yavuzselimkilic.com\/yazilar\/wp-json\/wp\/v2\/pages\/25","targetHints":{"allow":["GET"]}}],"collection":[{"href":"https:\/\/www.yavuzselimkilic.com\/yazilar\/wp-json\/wp\/v2\/pages"}],"about":[{"href":"https:\/\/www.yavuzselimkilic.com\/yazilar\/wp-json\/wp\/v2\/types\/page"}],"author":[{"embeddable":true,"href":"https:\/\/www.yavuzselimkilic.com\/yazilar\/wp-json\/wp\/v2\/users\/1"}],"replies":[{"embeddable":true,"href":"https:\/\/www.yavuzselimkilic.com\/yazilar\/wp-json\/wp\/v2\/comments?post=25"}],"version-history":[{"count":2,"href":"https:\/\/www.yavuzselimkilic.com\/yazilar\/wp-json\/wp\/v2\/pages\/25\/revisions"}],"predecessor-version":[{"id":463,"href":"https:\/\/www.yavuzselimkilic.com\/yazilar\/wp-json\/wp\/v2\/pages\/25\/revisions\/463"}],"wp:attachment":[{"href":"https:\/\/www.yavuzselimkilic.com\/yazilar\/wp-json\/wp\/v2\/media?parent=25"}],"curies":[{"name":"wp","href":"https:\/\/api.w.org\/{rel}","templated":true}]}}

İletişim

<h4>İletişim</h4>
<p style="text-align: center;"><a href="https://g.page/SMMMYSK">Adres Kasımpaşa Mah. Eminağa Cad. Şeker Apt. No:3 Daire:5 Bozüyük / Bilecik</a></p>
<p style="text-align: center;">GSM 0555 724 35 69</p>
<p style="text-align: center;">WP 0555 724 35 69</p>
<p style="text-align: center;">Telefon 0228 315 14 04</p>
<p style="text-align: center;">Fax 0228 314 40 05</p>

<p>İletişim Adres Kasımpaşa Mah. Eminağa Cad. Şeker Apt. No:3 Daire:5 Bozüyük / Bilecik GSM 0555 724 35 69 WP 0555 724 35 69 Telefon 0228 315 14 04 Fax 0228 314 40 05</p>
